[INFO] fetching crate wterm-sessionizer 0.0.3-alpha...
[INFO] checking wterm-sessionizer-0.0.3-alpha against master#9610dfe5a9a731ced1ea4923ecbd0c57fe367898 for beta-170-4
[INFO] extracting crate wterm-sessionizer 0.0.3-alpha into /workspace/builds/worker-3-tc1/source
[INFO] validating manifest of crates.io crate wterm-sessionizer 0.0.3-alpha on toolchain 9610dfe5a9a731ced1ea4923ecbd0c57fe367898
[INFO] running `Command { std: CARGO_HOME="/workspace/cargo-home" RUSTUP_HOME="/workspace/rustup-home" "/workspace/cargo-home/bin/cargo" "+9610dfe5a9a731ced1ea4923ecbd0c57fe367898" "metadata" "--manifest-path" "Cargo.toml" "--no-deps", kill_on_drop: false }`
[INFO] started tweaking crates.io crate wterm-sessionizer 0.0.3-alpha
[INFO] finished tweaking crates.io crate wterm-sessionizer 0.0.3-alpha
[INFO] tweaked toml for crates.io crate wterm-sessionizer 0.0.3-alpha written to /workspace/builds/worker-3-tc1/source/Cargo.toml
[INFO] crate crates.io crate wterm-sessionizer 0.0.3-alpha already has a lockfile, it will not be regenerated
[INFO] running `Command { std: CARGO_HOME="/workspace/cargo-home" RUSTUP_HOME="/workspace/rustup-home" "/workspace/cargo-home/bin/cargo" "+9610dfe5a9a731ced1ea4923ecbd0c57fe367898" "fetch" "--manifest-path" "Cargo.toml", kill_on_drop: false }`
[INFO] [stderr]     Updating crates.io index
[INFO] [stderr]  Downloading crates ...
[INFO] [stderr]   Downloaded path-dedot v3.0.18
[INFO] [stderr]   Downloaded path-absolutize v3.0.14
[INFO] [stderr]   Downloaded fuzzy-matcher v0.3.7
[INFO] [stderr]   Downloaded shellexpand v3.1.0
[INFO] [stderr]   Downloaded syn v2.0.10
[INFO] running `Command { std: "docker" "create" "-v" "/var/lib/crater-agent-workspace/builds/worker-3-tc1/target:/opt/rustwide/target:rw,Z" "-v" "/var/lib/crater-agent-workspace/builds/worker-3-tc1/source:/opt/rustwide/workdir:ro,Z" "-v" "/var/lib/crater-agent-workspace/cargo-home:/opt/rustwide/cargo-home:ro,Z" "-v" "/var/lib/crater-agent-workspace/rustup-home:/opt/rustwide/rustup-home:ro,Z" "-e" "SOURCE_DIR=/opt/rustwide/workdir" "-e" "CARGO_TARGET_DIR=/opt/rustwide/target" "-e" "CARGO_HOME=/opt/rustwide/cargo-home" "-e" "RUSTUP_HOME=/opt/rustwide/rustup-home" "-w" "/opt/rustwide/workdir" "-m" "1610612736" "--user" "0:0" "--network" "none" "ghcr.io/rust-lang/crates-build-env/linux@sha256:19e73879b68f455e41552ea35293514db52ea292d993f571636dbffedb77a1ee" "/opt/rustwide/cargo-home/bin/cargo" "+9610dfe5a9a731ced1ea4923ecbd0c57fe367898" "metadata" "--no-deps" "--format-version=1", kill_on_drop: false }`
[INFO] [stdout] 8230eb98dd64b68288759c955ea358dbc5b2b804d4e40a927d62714c75166c32
[INFO] running `Command { std: "docker" "start" "-a" "8230eb98dd64b68288759c955ea358dbc5b2b804d4e40a927d62714c75166c32", kill_on_drop: false }`
[INFO] running `Command { std: "docker" "inspect" "8230eb98dd64b68288759c955ea358dbc5b2b804d4e40a927d62714c75166c32", kill_on_drop: false }`
[INFO] running `Command { std: "docker" "rm" "-f" "8230eb98dd64b68288759c955ea358dbc5b2b804d4e40a927d62714c75166c32", kill_on_drop: false }`
[INFO] [stdout] 8230eb98dd64b68288759c955ea358dbc5b2b804d4e40a927d62714c75166c32
[INFO] running `Command { std: "docker" "create" "-v" "/var/lib/crater-agent-workspace/builds/worker-3-tc1/target:/opt/rustwide/target:rw,Z" "-v" "/var/lib/crater-agent-workspace/builds/worker-3-tc1/source:/opt/rustwide/workdir:ro,Z" "-v" "/var/lib/crater-agent-workspace/cargo-home:/opt/rustwide/cargo-home:ro,Z" "-v" "/var/lib/crater-agent-workspace/rustup-home:/opt/rustwide/rustup-home:ro,Z" "-e" "SOURCE_DIR=/opt/rustwide/workdir" "-e" "CARGO_TARGET_DIR=/opt/rustwide/target" "-e" "CARGO_INCREMENTAL=0" "-e" "RUST_BACKTRACE=full" "-e" "RUSTFLAGS=--cap-lints=forbid" "-e" "RUSTDOCFLAGS=--cap-lints=forbid" "-e" "CARGO_HOME=/opt/rustwide/cargo-home" "-e" "RUSTUP_HOME=/opt/rustwide/rustup-home" "-w" "/opt/rustwide/workdir" "-m" "1610612736" "--user" "0:0" "--network" "none" "ghcr.io/rust-lang/crates-build-env/linux@sha256:19e73879b68f455e41552ea35293514db52ea292d993f571636dbffedb77a1ee" "/opt/rustwide/cargo-home/bin/cargo" "+9610dfe5a9a731ced1ea4923ecbd0c57fe367898" "check" "--frozen" "--all" "--all-targets" "--message-format=json", kill_on_drop: false }`
[INFO] [stdout] bbf6f72e6f318ce3e7136b649f010ce35a65419817f8b5aadb68aa727193bdb8
[INFO] running `Command { std: "docker" "start" "-a" "bbf6f72e6f318ce3e7136b649f010ce35a65419817f8b5aadb68aa727193bdb8", kill_on_drop: false }`
[INFO] [stderr]    Compiling io-lifetimes v1.0.9
[INFO] [stderr]    Compiling rustix v0.36.11
[INFO] [stderr]     Checking linux-raw-sys v0.1.4
[INFO] [stderr]    Compiling portable-atomic v0.3.19
[INFO] [stderr]     Checking number_prefix v0.4.0
[INFO] [stderr]     Checking zeroize v1.5.7
[INFO] [stderr]     Checking shell-words v1.1.0
[INFO] [stderr]     Checking thread_local v1.1.7
[INFO] [stderr]     Checking console v0.15.5
[INFO] [stderr]     Checking path-dedot v3.0.18
[INFO] [stderr]     Checking shellexpand v3.1.0
[INFO] [stderr]     Checking path-absolutize v3.0.14
[INFO] [stderr]     Checking fuzzy-matcher v0.3.7
[INFO] [stderr]     Checking indicatif v0.17.3
[INFO] [stderr]     Checking tempfile v3.4.0
[INFO] [stderr]     Checking dialoguer v0.10.3
[INFO] [stderr]     Checking wterm-sessionizer v0.0.3-alpha (/opt/rustwide/workdir)
[INFO] [stdout] error[E0433]: failed to resolve: could not find `windows` in `os`
[INFO] [stdout]  --> src/main.rs:3:14
[INFO] [stdout]   |
[INFO] [stdout] 3 | use std::os::windows::prelude::*;
[INFO] [stdout]   |              ^^^^^^^ could not find `windows` in `os`
[INFO] [stdout] 
[INFO] [stdout] 
[INFO] [stdout] error[E0433]: failed to resolve: could not find `windows` in `os`
[INFO] [stdout]  --> src/main.rs:3:14
[INFO] [stdout]   |
[INFO] [stdout] 3 | use std::os::windows::prelude::*;
[INFO] [stdout]   |              ^^^^^^^ could not find `windows` in `os`
[INFO] [stdout] 
[INFO] [stdout] 
[INFO] [stdout] error[E0599]: no method named `file_attributes` found for struct `Metadata` in the current scope
[INFO] [stdout]   --> src/main.rs:54:45
[INFO] [stdout]    |
[INFO] [stdout] 54 |             let has_banned_attrs = metadata.file_attributes() & BANNED_ATTRS > 0;
[INFO] [stdout]    |                                             ^^^^^^^^^^^^^^^ help: there is a method with a similar name: `file_type`
[INFO] [stdout] 
[INFO] [stdout] 
[INFO] [stdout] error[E0599]: no method named `file_attributes` found for struct `Metadata` in the current scope
[INFO] [stdout]   --> src/main.rs:54:45
[INFO] [stdout]    |
[INFO] [stdout] 54 |             let has_banned_attrs = metadata.file_attributes() & BANNED_ATTRS > 0;
[INFO] [stdout]    |                                             ^^^^^^^^^^^^^^^ help: there is a method with a similar name: `file_type`
[INFO] [stdout] 
[INFO] [stdout] 
[INFO] [stdout] error: aborting due to 2 previous errors
[INFO] [stdout] 
[INFO] [stdout] 
[INFO] [stdout] Some errors have detailed explanations: E0433, E0599.
[INFO] [stdout] 
[INFO] [stdout] For more information about an error, try `rustc --explain E0433`.
[INFO] [stdout] 
[INFO] [stdout] error: aborting due to 2 previous errors
[INFO] [stdout] 
[INFO] [stdout] 
[INFO] [stdout] Some errors have detailed explanations: E0433, E0599.
[INFO] [stdout] 
[INFO] [stdout] For more information about an error, try `rustc --explain E0433`.
[INFO] [stdout] 
[INFO] [stderr] error: could not compile `wterm-sessionizer` (bin "wts" test) due to 3 previous errors
[INFO] [stderr] warning: build failed, waiting for other jobs to finish...
[INFO] [stderr] error: could not compile `wterm-sessionizer` (bin "wts") due to 3 previous errors
[INFO] running `Command { std: "docker" "inspect" "bbf6f72e6f318ce3e7136b649f010ce35a65419817f8b5aadb68aa727193bdb8", kill_on_drop: false }`
[INFO] running `Command { std: "docker" "rm" "-f" "bbf6f72e6f318ce3e7136b649f010ce35a65419817f8b5aadb68aa727193bdb8", kill_on_drop: false }`
[INFO] [stdout] bbf6f72e6f318ce3e7136b649f010ce35a65419817f8b5aadb68aa727193bdb8
